{"id":1942,"date":"2023-12-13T22:40:21","date_gmt":"2023-12-13T21:40:21","guid":{"rendered":"http:\/\/gbpkozy.oriniok.pl\/?page_id=1942"},"modified":"2024-03-12T17:32:59","modified_gmt":"2024-03-12T16:32:59","slug":"filia","status":"publish","type":"page","link":"https:\/\/gbpkozy.oriniok.pl\/index.php\/filia\/","title":{"rendered":"Filia"},"content":{"rendered":"\n<p>Biblioteka prowadzi jedn\u0105 fili\u0119, zlokalizowan\u0105 od 1988 r. przy ul. Przeczniej 64. Filia cieszy si\u0119 du\u017cym powodzeniem w\u015br\u00f3d okolicznych mieszka\u0144c\u00f3w. Opr\u00f3cz wypo\u017cyczania ksi\u0105\u017cek oferuje ciekawe formy sp\u0119dzania czasu wolnego, m.in. zaj\u0119cia plastyczne dla dzieci i m\u0142odzie\u017cy.<\/p>\n\n\n\n<p>Mo\u017ce pochwali\u0107 si\u0119 m.in.:<\/p>\n\n\n\n<ul style=\"background-color:#ffe7e0\" class=\"has-background wp-block-list\">\n<li>wsp\u00f3\u0142prac\u0105 z zak\u0142adem p\u0142ytek i wyrob\u00f3w sanitarnych J.Pilcha w Jasienicy, dzi\u0119ki czemu dzieci z k\u00f3\u0142ka plastycznego mog\u0105 &#8222;tworzy\u0107 z gliny&#8221; r\u00f3\u017cne cuda, kt\u00f3re zostaj\u0105 p\u00f3\u017aniej wypalane w piecu zak\u0142adowym,<\/li>\n\n\n\n<li>udzia\u0142em w r\u00f3\u017cnych konkursach plastycznych, np: &#8222;Tworzymy w\u0142asne wydawnictwo&#8221; (organizator &#8211; Ksi\u0105\u017cnica Beskidzka), &nbsp;<\/li>\n\n\n\n<li>dwukrotnie w latach 2002 i 2004 filia zdoby\u0142a pierwsze miejsce w konkursie na najlepsz\u0105 bibliotek\u0119 powiatu bielskiego,<\/li>\n\n\n\n<li>co roku dzieci z k\u00f3\u0142ka plastycznego wykonuj\u0105 pi\u0119kne stroiki oraz kartki \u015bwi\u0105teczne, kt\u00f3re s\u0105 wysy\u0142ane do r\u00f3\u017cnych instytucji i os\u00f3b zaprzyja\u017anionych z bibliotek\u0105.<\/li>\n<\/ul>\n\n\n\n<p>Od lipca 2008 r. obok filii funkcjonuje plac zabaw &#8222;R\u00d3\u017bANY&#8221;, wykorzystywany przez bibliotek\u0119 do r\u00f3\u017cnych zabaw, gier, spotka\u0144 przy ognisku, atrakcj\u0105 s\u0105 noce pod namiotami.<\/p>\n\n\n\n<p>Oferta pozaczytelnicza w 2014 r.:<\/p>\n\n\n\n<p>Zaj\u0119cia plastyczne (ferie, wakacje z bibliotek\u0105): do tej pory podczas tematycznych zaj\u0119\u0107 dzieci tworzy\u0142y bociany, pisanki, kolorowe maski, ozdoby \u015bwi\u0105teczne, choinkowe, kwiatki, postacie z bajek, tabliczki gliniane, itp.<\/p>\n\n\n\n<p>Tydzie\u0144 bibliotek (8-15 maja) przebiega\u0142 pod has\u0142em: \u201eOd glinianej tabliczki do ebooka\u201d. Przez pi\u0119\u0107 dni zorganizowano zaj\u0119cia: \u201ePot\u0119ga pisma &#8211; od glinianej tabliczki do ebooka\u201d, \u201ePr\u00f3ba kaligrafii\u201d, \u201eBy\u0107 jak Gutenberg-wycinanie czcionek z ziemniak\u00f3w\u201d, \u201ePapirus\u201d, \u201eCzytanie ksi\u0105\u017cki-gry planszowe\u201d. Podsumowaniem spotka\u0144 by\u0142a wystawa prac po\u0142\u0105czona z ogniskiem.<\/p>\n\n\n\n<p>Dzieci z filii uczestniczy\u0142y w og\u00f3lnopolskim konkursie \u201eNarysuj domek marze\u0144\u201d organizowanym przez Credit Agricole.<\/p>\n\n\n<div class=\"wp-block-image\">\n<figure class=\"aligncenter size-full\"><img loading=\"lazy\" decoding=\"async\" width=\"600\" height=\"926\" src=\"http:\/\/gbpkozy.oriniok.pl\/wp-content\/uploads\/2023\/12\/domek-konkurs-plastyczny.jpg\" alt=\"\" class=\"wp-image-1943\" srcset=\"https:\/\/gbpkozy.oriniok.pl\/wp-content\/uploads\/2023\/12\/domek-konkurs-plastyczny.jpg 600w, https:\/\/gbpkozy.oriniok.pl\/wp-content\/uploads\/2023\/12\/domek-konkurs-plastyczny-194x300.jpg 194w\" sizes=\"auto, (max-width: 600px) 100vw, 600px\" \/><\/figure>\n<\/div>\n\n\n<p>Ponadto raz w tygodniu filia zaprasza na cykliczne zaj\u0119cia plastyczne.<\/p>\n\n\n\n<p>We wrze\u015bniu i pa\u017adzierniku br. u nas zn\u00f3w du\u017co si\u0119 dzia\u0142o. Nie by\u0142o nudnych dni&#8230;bo czas sp\u0119dzony wsp\u00f3lnie przyni\u00f3s\u0142 nowe pomys\u0142y i inspiracje. Wszystkim towarzyszy\u0142 doskona\u0142y humor. Dzieci ch\u0119tnie uczestnicz\u0105 w co tygodniowych zaj\u0119ciach rozwijaj\u0105c swoje pasje.<\/p>\n\n\n<style>.wp-block-kadence-advancedgallery .kb-gallery-type-masonry.kb-gallery-id-1942_83a5b0-61{margin:-5px;}.kb-gallery-type-masonry.kb-gallery-id-1942_83a5b0-61 .kadence-blocks-gallery-item{padding:5px;}.kb-gallery-id-1942_83a5b0-61 .kadence-blocks-gallery-item .kb-gal-image-radius{border-radius:0px 0px 0px 0px;}<\/style><div class=\"kb-gallery-wrap-id-1942_83a5b0-61 alignnone animated fadeInUp wp-block-kadence-advancedgallery\"><ul class=\"kb-gallery-ul kb-gallery-non-static kb-gallery-type-masonry kb-masonry-init kb-gallery-id-1942_83a5b0-61 kb-gallery-caption-style-bottom-hover kb-gallery-filter-none kb-gallery-magnific-init\" data-image-filter=\"none\" data-item-selector=\".kadence-blocks-gallery-item\" data-lightbox-caption=\"true\" data-columns-xxl=\"4\" data-columns-xl=\"4\" data-columns-md=\"4\" data-columns-sm=\"3\" data-columns-xs=\"2\" data-columns-ss=\"2\"><li class=\"kadence-blocks-gallery-item\"><div class=\"kadence-blocks-gallery-item-inner\"><figure class=\"kb-gallery-figure kb-gallery-item-has-link kadence-blocks-gallery-item-hide-caption\" \"><a href=\"http:\/\/gbpkozy.oriniok.pl\/wp-content\/uploads\/2023\/12\/bocian.jpg\" data-alt=\"Filia GBP Kozy\" class=\"kb-gallery-item-link\"  ><div class=\"kb-gal-image-radius\" style=\"max-width:768px;\"><div class=\"kb-gallery-image-contain kadence-blocks-gallery-intrinsic\" style=\"padding-bottom:75%;\"><img loading=\"lazy\" decoding=\"async\" src=\"http:\/\/gbpkozy.oriniok.pl\/wp-content\/uploads\/2023\/12\/bocian-768x576.jpg\" width=\"768\" height=\"576\" alt=\"Filia GBP Kozy\" data-full-image=\"http:\/\/gbpkozy.oriniok.pl\/wp-content\/uploads\/2023\/12\/bocian.jpg\" data-light-image=\"http:\/\/gbpkozy.oriniok.pl\/wp-content\/uploads\/2023\/12\/bocian.jpg\" data-id=\"1944\" class=\"wp-image-1944\" srcset=\"https:\/\/gbpkozy.oriniok.pl\/wp-content\/uploads\/2023\/12\/bocian-768x576.jpg 768w, https:\/\/gbpkozy.oriniok.pl\/wp-content\/uploads\/2023\/12\/bocian-300x225.jpg 300w, https:\/\/gbpkozy.oriniok.pl\/wp-content\/uploads\/2023\/12\/bocian.jpg 800w\" sizes=\"auto, (max-width: 768px) 100vw, 768px\" \/><\/div><\/div><\/a><\/figure><\/div><\/li><li class=\"kadence-blocks-gallery-item\"><div class=\"kadence-blocks-gallery-item-inner\"><figure class=\"kb-gallery-figure kb-gallery-item-has-link kadence-blocks-gallery-item-hide-caption\" \"><a href=\"http:\/\/gbpkozy.oriniok.pl\/wp-content\/uploads\/2023\/12\/bocian2.jpg\" class=\"kb-gallery-item-link\"  ><div class=\"kb-gal-image-radius\" style=\"max-width:768px;\"><div class=\"kb-gallery-image-contain kadence-blocks-gallery-intrinsic\" style=\"padding-bottom:75%;\"><img loading=\"lazy\" decoding=\"async\" src=\"http:\/\/gbpkozy.oriniok.pl\/wp-content\/uploads\/2023\/12\/bocian2-768x576.jpg\" width=\"768\" height=\"576\" alt=\"\" data-full-image=\"http:\/\/gbpkozy.oriniok.pl\/wp-content\/uploads\/2023\/12\/bocian2.jpg\" data-light-image=\"http:\/\/gbpkozy.oriniok.pl\/wp-content\/uploads\/2023\/12\/bocian2.jpg\" data-id=\"1945\" class=\"wp-image-1945\" srcset=\"https:\/\/gbpkozy.oriniok.pl\/wp-content\/uploads\/2023\/12\/bocian2-768x576.jpg 768w, https:\/\/gbpkozy.oriniok.pl\/wp-content\/uploads\/2023\/12\/bocian2-300x225.jpg 300w, https:\/\/gbpkozy.oriniok.pl\/wp-content\/uploads\/2023\/12\/bocian2.jpg 800w\" sizes=\"auto, (max-width: 768px) 100vw, 768px\" \/><\/div><\/div><\/a><\/figure><\/div><\/li><li class=\"kadence-blocks-gallery-item\"><div class=\"kadence-blocks-gallery-item-inner\"><figure class=\"kb-gallery-figure kb-gallery-item-has-link kadence-blocks-gallery-item-hide-caption\" \"><a href=\"http:\/\/gbpkozy.oriniok.pl\/wp-content\/uploads\/2023\/12\/choinkajedynki1.jpg\" class=\"kb-gallery-item-link\"  ><div class=\"kb-gal-image-radius\" style=\"max-width:768px;\"><div class=\"kb-gallery-image-contain kadence-blocks-gallery-intrinsic\" style=\"padding-bottom:75%;\"><img loading=\"lazy\" decoding=\"async\" src=\"http:\/\/gbpkozy.oriniok.pl\/wp-content\/uploads\/2023\/12\/choinkajedynki1-768x576.jpg\" width=\"768\" height=\"576\" alt=\"\" data-full-image=\"http:\/\/gbpkozy.oriniok.pl\/wp-content\/uploads\/2023\/12\/choinkajedynki1.jpg\" data-light-image=\"http:\/\/gbpkozy.oriniok.pl\/wp-content\/uploads\/2023\/12\/choinkajedynki1.jpg\" data-id=\"1946\" class=\"wp-image-1946\" srcset=\"https:\/\/gbpkozy.oriniok.pl\/wp-content\/uploads\/2023\/12\/choinkajedynki1-768x576.jpg 768w, https:\/\/gbpkozy.oriniok.pl\/wp-content\/uploads\/2023\/12\/choinkajedynki1-300x225.jpg 300w, https:\/\/gbpkozy.oriniok.pl\/wp-content\/uploads\/2023\/12\/choinkajedynki1.jpg 800w\" sizes=\"auto, (max-width: 768px) 100vw, 768px\" \/><\/div><\/div><\/a><\/figure><\/div><\/li><li class=\"kadence-blocks-gallery-item\"><div class=\"kadence-blocks-gallery-item-inner\"><figure class=\"kb-gallery-figure kb-gallery-item-has-link kadence-blocks-gallery-item-hide-caption\" \"><a href=\"http:\/\/gbpkozy.oriniok.pl\/wp-content\/uploads\/2023\/12\/DSCF3662.jpg\" class=\"kb-gallery-item-link\"  ><div class=\"kb-gal-image-radius\" style=\"max-width:768px;\"><div class=\"kb-gallery-image-contain kadence-blocks-gallery-intrinsic\" style=\"padding-bottom:75%;\"><img loading=\"lazy\" decoding=\"async\" src=\"http:\/\/gbpkozy.oriniok.pl\/wp-content\/uploads\/2023\/12\/DSCF3662-768x576.jpg\" width=\"768\" height=\"576\" alt=\"\" data-full-image=\"http:\/\/gbpkozy.oriniok.pl\/wp-content\/uploads\/2023\/12\/DSCF3662.jpg\" data-light-image=\"http:\/\/gbpkozy.oriniok.pl\/wp-content\/uploads\/2023\/12\/DSCF3662.jpg\" data-id=\"1947\" class=\"wp-image-1947\" srcset=\"https:\/\/gbpkozy.oriniok.pl\/wp-content\/uploads\/2023\/12\/DSCF3662-768x576.jpg 768w, https:\/\/gbpkozy.oriniok.pl\/wp-content\/uploads\/2023\/12\/DSCF3662-300x225.jpg 300w, https:\/\/gbpkozy.oriniok.pl\/wp-content\/uploads\/2023\/12\/DSCF3662.jpg 800w\" sizes=\"auto, (max-width: 768px) 100vw, 768px\" \/><\/div><\/div><\/a><\/figure><\/div><\/li><li class=\"kadence-blocks-gallery-item\"><div class=\"kadence-blocks-gallery-item-inner\"><figure class=\"kb-gallery-figure kb-gallery-item-has-link kadence-blocks-gallery-item-hide-caption\" \"><a href=\"http:\/\/gbpkozy.oriniok.pl\/wp-content\/uploads\/2023\/12\/filia1.jpg\" class=\"kb-gallery-item-link\"  ><div class=\"kb-gal-image-radius\" style=\"max-width:500px;\"><div class=\"kb-gallery-image-contain kadence-blocks-gallery-intrinsic\" style=\"padding-bottom:75%;\"><img loading=\"lazy\" decoding=\"async\" src=\"http:\/\/gbpkozy.oriniok.pl\/wp-content\/uploads\/2023\/12\/filia1.jpg\" width=\"500\" height=\"375\" alt=\"\" data-full-image=\"http:\/\/gbpkozy.oriniok.pl\/wp-content\/uploads\/2023\/12\/filia1.jpg\" data-light-image=\"http:\/\/gbpkozy.oriniok.pl\/wp-content\/uploads\/2023\/12\/filia1.jpg\" data-id=\"1948\" class=\"wp-image-1948\" srcset=\"https:\/\/gbpkozy.oriniok.pl\/wp-content\/uploads\/2023\/12\/filia1.jpg 500w, https:\/\/gbpkozy.oriniok.pl\/wp-content\/uploads\/2023\/12\/filia1-300x225.jpg 300w\" sizes=\"auto, (max-width: 500px) 100vw, 500px\" \/><\/div><\/div><\/a><\/figure><\/div><\/li><li class=\"kadence-blocks-gallery-item\"><div class=\"kadence-blocks-gallery-item-inner\"><figure class=\"kb-gallery-figure kb-gallery-item-has-link kadence-blocks-gallery-item-hide-caption\" \"><a href=\"http:\/\/gbpkozy.oriniok.pl\/wp-content\/uploads\/2023\/12\/filia3.jpg\" class=\"kb-gallery-item-link\"  ><div class=\"kb-gal-image-radius\" style=\"max-width:500px;\"><div class=\"kb-gallery-image-contain kadence-blocks-gallery-intrinsic\" style=\"padding-bottom:75%;\"><img loading=\"lazy\" decoding=\"async\" src=\"http:\/\/gbpkozy.oriniok.pl\/wp-content\/uploads\/2023\/12\/filia3.jpg\" width=\"500\" height=\"375\" alt=\"\" data-full-image=\"http:\/\/gbpkozy.oriniok.pl\/wp-content\/uploads\/2023\/12\/filia3.jpg\" data-light-image=\"http:\/\/gbpkozy.oriniok.pl\/wp-content\/uploads\/2023\/12\/filia3.jpg\" data-id=\"1949\" class=\"wp-image-1949\" srcset=\"https:\/\/gbpkozy.oriniok.pl\/wp-content\/uploads\/2023\/12\/filia3.jpg 500w, https:\/\/gbpkozy.oriniok.pl\/wp-content\/uploads\/2023\/12\/filia3-300x225.jpg 300w\" sizes=\"auto, (max-width: 500px) 100vw, 500px\" \/><\/div><\/div><\/a><\/figure><\/div><\/li><li class=\"kadence-blocks-gallery-item\"><div class=\"kadence-blocks-gallery-item-inner\"><figure class=\"kb-gallery-figure kb-gallery-item-has-link kadence-blocks-gallery-item-hide-caption\" \"><a href=\"http:\/\/gbpkozy.oriniok.pl\/wp-content\/uploads\/2023\/12\/filia4.jpg\" class=\"kb-gallery-item-link\"  ><div class=\"kb-gal-image-radius\" style=\"max-width:500px;\"><div class=\"kb-gallery-image-contain kadence-blocks-gallery-intrinsic\" style=\"padding-bottom:75%;\"><img loading=\"lazy\" decoding=\"async\" src=\"http:\/\/gbpkozy.oriniok.pl\/wp-content\/uploads\/2023\/12\/filia4.jpg\" width=\"500\" height=\"375\" alt=\"\" data-full-image=\"http:\/\/gbpkozy.oriniok.pl\/wp-content\/uploads\/2023\/12\/filia4.jpg\" data-light-image=\"http:\/\/gbpkozy.oriniok.pl\/wp-content\/uploads\/2023\/12\/filia4.jpg\" data-id=\"1950\" class=\"wp-image-1950\" srcset=\"https:\/\/gbpkozy.oriniok.pl\/wp-content\/uploads\/2023\/12\/filia4.jpg 500w, https:\/\/gbpkozy.oriniok.pl\/wp-content\/uploads\/2023\/12\/filia4-300x225.jpg 300w\" sizes=\"auto, (max-width: 500px) 100vw, 500px\" \/><\/div><\/div><\/a><\/figure><\/div><\/li><li class=\"kadence-blocks-gallery-item\"><div class=\"kadence-blocks-gallery-item-inner\"><figure class=\"kb-gallery-figure kb-gallery-item-has-link kadence-blocks-gallery-item-hide-caption\" \"><a href=\"http:\/\/gbpkozy.oriniok.pl\/wp-content\/uploads\/2023\/12\/IMG_8091.jpg\" class=\"kb-gallery-item-link\"  ><div class=\"kb-gal-image-radius\" style=\"max-width:320px;\"><div class=\"kb-gallery-image-contain kadence-blocks-gallery-intrinsic\" style=\"padding-bottom:100%;\"><img loading=\"lazy\" decoding=\"async\" src=\"http:\/\/gbpkozy.oriniok.pl\/wp-content\/uploads\/2023\/12\/IMG_8091.jpg\" width=\"320\" height=\"320\" alt=\"\" data-full-image=\"http:\/\/gbpkozy.oriniok.pl\/wp-content\/uploads\/2023\/12\/IMG_8091.jpg\" data-light-image=\"http:\/\/gbpkozy.oriniok.pl\/wp-content\/uploads\/2023\/12\/IMG_8091.jpg\" data-id=\"1952\" class=\"wp-image-1952\" srcset=\"https:\/\/gbpkozy.oriniok.pl\/wp-content\/uploads\/2023\/12\/IMG_8091.jpg 320w, https:\/\/gbpkozy.oriniok.pl\/wp-content\/uploads\/2023\/12\/IMG_8091-300x300.jpg 300w, https:\/\/gbpkozy.oriniok.pl\/wp-content\/uploads\/2023\/12\/IMG_8091-150x150.jpg 150w\" sizes=\"auto, (max-width: 320px) 100vw, 320px\" \/><\/div><\/div><\/a><\/figure><\/div><\/li><li class=\"kadence-blocks-gallery-item\"><div class=\"kadence-blocks-gallery-item-inner\"><figure class=\"kb-gallery-figure kb-gallery-item-has-link kadence-blocks-gallery-item-hide-caption\" \"><a href=\"http:\/\/gbpkozy.oriniok.pl\/wp-content\/uploads\/2023\/12\/IMG_8062.jpg\" class=\"kb-gallery-item-link\"  ><div class=\"kb-gal-image-radius\" style=\"max-width:320px;\"><div class=\"kb-gallery-image-contain kadence-blocks-gallery-intrinsic\" style=\"padding-bottom:100%;\"><img loading=\"lazy\" decoding=\"async\" src=\"http:\/\/gbpkozy.oriniok.pl\/wp-content\/uploads\/2023\/12\/IMG_8062.jpg\" width=\"320\" height=\"320\" alt=\"\" data-full-image=\"http:\/\/gbpkozy.oriniok.pl\/wp-content\/uploads\/2023\/12\/IMG_8062.jpg\" data-light-image=\"http:\/\/gbpkozy.oriniok.pl\/wp-content\/uploads\/2023\/12\/IMG_8062.jpg\" data-id=\"1951\" class=\"wp-image-1951\" srcset=\"https:\/\/gbpkozy.oriniok.pl\/wp-content\/uploads\/2023\/12\/IMG_8062.jpg 320w, https:\/\/gbpkozy.oriniok.pl\/wp-content\/uploads\/2023\/12\/IMG_8062-300x300.jpg 300w, https:\/\/gbpkozy.oriniok.pl\/wp-content\/uploads\/2023\/12\/IMG_8062-150x150.jpg 150w\" sizes=\"auto, (max-width: 320px) 100vw, 320px\" \/><\/div><\/div><\/a><\/figure><\/div><\/li><li class=\"kadence-blocks-gallery-item\"><div class=\"kadence-blocks-gallery-item-inner\"><figure class=\"kb-gallery-figure kb-gallery-item-has-link kadence-blocks-gallery-item-hide-caption\" \"><a href=\"http:\/\/gbpkozy.oriniok.pl\/wp-content\/uploads\/2023\/12\/IMG_8100.jpg\" class=\"kb-gallery-item-link\"  ><div class=\"kb-gal-image-radius\" style=\"max-width:320px;\"><div class=\"kb-gallery-image-contain kadence-blocks-gallery-intrinsic\" style=\"padding-bottom:100%;\"><img loading=\"lazy\" decoding=\"async\" src=\"http:\/\/gbpkozy.oriniok.pl\/wp-content\/uploads\/2023\/12\/IMG_8100.jpg\" width=\"320\" height=\"320\" alt=\"\" data-full-image=\"http:\/\/gbpkozy.oriniok.pl\/wp-content\/uploads\/2023\/12\/IMG_8100.jpg\" data-light-image=\"http:\/\/gbpkozy.oriniok.pl\/wp-content\/uploads\/2023\/12\/IMG_8100.jpg\" data-id=\"1953\" class=\"wp-image-1953\" srcset=\"https:\/\/gbpkozy.oriniok.pl\/wp-content\/uploads\/2023\/12\/IMG_8100.jpg 320w, https:\/\/gbpkozy.oriniok.pl\/wp-content\/uploads\/2023\/12\/IMG_8100-300x300.jpg 300w, https:\/\/gbpkozy.oriniok.pl\/wp-content\/uploads\/2023\/12\/IMG_8100-150x150.jpg 150w\" sizes=\"auto, (max-width: 320px) 100vw, 320px\" \/><\/div><\/div><\/a><\/figure><\/div><\/li><li class=\"kadence-blocks-gallery-item\"><div class=\"kadence-blocks-gallery-item-inner\"><figure class=\"kb-gallery-figure kb-gallery-item-has-link kadence-blocks-gallery-item-hide-caption\" \"><a href=\"http:\/\/gbpkozy.oriniok.pl\/wp-content\/uploads\/2023\/12\/IMG_8102.jpg\" class=\"kb-gallery-item-link\"  ><div class=\"kb-gal-image-radius\" style=\"max-width:320px;\"><div class=\"kb-gallery-image-contain kadence-blocks-gallery-intrinsic\" style=\"padding-bottom:100%;\"><img loading=\"lazy\" decoding=\"async\" src=\"http:\/\/gbpkozy.oriniok.pl\/wp-content\/uploads\/2023\/12\/IMG_8102.jpg\" width=\"320\" height=\"320\" alt=\"\" data-full-image=\"http:\/\/gbpkozy.oriniok.pl\/wp-content\/uploads\/2023\/12\/IMG_8102.jpg\" data-light-image=\"http:\/\/gbpkozy.oriniok.pl\/wp-content\/uploads\/2023\/12\/IMG_8102.jpg\" data-id=\"1954\" class=\"wp-image-1954\" srcset=\"https:\/\/gbpkozy.oriniok.pl\/wp-content\/uploads\/2023\/12\/IMG_8102.jpg 320w, https:\/\/gbpkozy.oriniok.pl\/wp-content\/uploads\/2023\/12\/IMG_8102-300x300.jpg 300w, https:\/\/gbpkozy.oriniok.pl\/wp-content\/uploads\/2023\/12\/IMG_8102-150x150.jpg 150w\" sizes=\"auto, (max-width: 320px) 100vw, 320px\" \/><\/div><\/div><\/a><\/figure><\/div><\/li><li class=\"kadence-blocks-gallery-item\"><div class=\"kadence-blocks-gallery-item-inner\"><figure class=\"kb-gallery-figure kb-gallery-item-has-link kadence-blocks-gallery-item-hide-caption\" \"><a href=\"http:\/\/gbpkozy.oriniok.pl\/wp-content\/uploads\/2023\/12\/kwiaty.jpg\" class=\"kb-gallery-item-link\"  ><div class=\"kb-gal-image-radius\" style=\"max-width:768px;\"><div class=\"kb-gallery-image-contain kadence-blocks-gallery-intrinsic\" style=\"padding-bottom:75%;\"><img loading=\"lazy\" decoding=\"async\" src=\"http:\/\/gbpkozy.oriniok.pl\/wp-content\/uploads\/2023\/12\/kwiaty-768x576.jpg\" width=\"768\" height=\"576\" alt=\"\" data-full-image=\"http:\/\/gbpkozy.oriniok.pl\/wp-content\/uploads\/2023\/12\/kwiaty.jpg\" data-light-image=\"http:\/\/gbpkozy.oriniok.pl\/wp-content\/uploads\/2023\/12\/kwiaty.jpg\" data-id=\"1955\" class=\"wp-image-1955\" srcset=\"https:\/\/gbpkozy.oriniok.pl\/wp-content\/uploads\/2023\/12\/kwiaty-768x576.jpg 768w, https:\/\/gbpkozy.oriniok.pl\/wp-content\/uploads\/2023\/12\/kwiaty-300x225.jpg 300w, https:\/\/gbpkozy.oriniok.pl\/wp-content\/uploads\/2023\/12\/kwiaty.jpg 800w\" sizes=\"auto, (max-width: 768px) 100vw, 768px\" \/><\/div><\/div><\/a><\/figure><\/div><\/li><li class=\"kadence-blocks-gallery-item\"><div class=\"kadence-blocks-gallery-item-inner\"><figure class=\"kb-gallery-figure kb-gallery-item-has-link kadence-blocks-gallery-item-hide-caption\" \"><a href=\"http:\/\/gbpkozy.oriniok.pl\/wp-content\/uploads\/2023\/12\/rysunki.jpg\" class=\"kb-gallery-item-link\"  ><div class=\"kb-gal-image-radius\" style=\"max-width:768px;\"><div class=\"kb-gallery-image-contain kadence-blocks-gallery-intrinsic\" style=\"padding-bottom:75%;\"><img loading=\"lazy\" decoding=\"async\" src=\"http:\/\/gbpkozy.oriniok.pl\/wp-content\/uploads\/2023\/12\/rysunki-768x576.jpg\" width=\"768\" height=\"576\" alt=\"\" data-full-image=\"http:\/\/gbpkozy.oriniok.pl\/wp-content\/uploads\/2023\/12\/rysunki.jpg\" data-light-image=\"http:\/\/gbpkozy.oriniok.pl\/wp-content\/uploads\/2023\/12\/rysunki.jpg\" data-id=\"1956\" class=\"wp-image-1956\" srcset=\"https:\/\/gbpkozy.oriniok.pl\/wp-content\/uploads\/2023\/12\/rysunki-768x576.jpg 768w, https:\/\/gbpkozy.oriniok.pl\/wp-content\/uploads\/2023\/12\/rysunki-300x225.jpg 300w, https:\/\/gbpkozy.oriniok.pl\/wp-content\/uploads\/2023\/12\/rysunki.jpg 800w\" sizes=\"auto, (max-width: 768px) 100vw, 768px\" \/><\/div><\/div><\/a><\/figure><\/div><\/li><\/ul><\/div>","protected":false},"excerpt":{"rendered":"<p>Biblioteka prowadzi jedn\u0105 fili\u0119, zlokalizowan\u0105 od 1988 r. przy ul. Przeczniej 64. Filia cieszy si\u0119 du\u017cym powodzeniem w\u015br\u00f3d okolicznych mieszka\u0144c\u00f3w. Opr\u00f3cz wypo\u017cyczania ksi\u0105\u017cek oferuje ciekawe formy sp\u0119dzania czasu wolnego, m.in. zaj\u0119cia plastyczne dla dzieci i m\u0142odzie\u017cy. Mo\u017ce pochwali\u0107 si\u0119 m.in.: Od lipca 2008 r. obok filii funkcjonuje plac zabaw &#8222;R\u00d3\u017bANY&#8221;, wykorzystywany przez bibliotek\u0119 do r\u00f3\u017cnych&#8230;<\/p>\n","protected":false},"author":1,"featured_media":0,"parent":0,"menu_order":0,"comment_status":"closed","ping_status":"closed","template":"","meta":{"_kadence_starter_templates_imported_post":false,"_kad_post_transparent":"","_kad_post_title":"","_kad_post_layout":"","_kad_post_sidebar_id":"","_kad_post_content_style":"","_kad_post_vertical_padding":"","_kad_post_feature":"","_kad_post_feature_position":"","_kad_post_header":false,"_kad_post_footer":false,"footnotes":""},"class_list":["post-1942","page","type-page","status-publish","hentry"],"_links":{"self":[{"href":"https:\/\/gbpkozy.oriniok.pl\/index.php\/wp-json\/wp\/v2\/pages\/1942","targetHints":{"allow":["GET"]}}],"collection":[{"href":"https:\/\/gbpkozy.oriniok.pl\/index.php\/wp-json\/wp\/v2\/pages"}],"about":[{"href":"https:\/\/gbpkozy.oriniok.pl\/index.php\/wp-json\/wp\/v2\/types\/page"}],"author":[{"embeddable":true,"href":"https:\/\/gbpkozy.oriniok.pl\/index.php\/wp-json\/wp\/v2\/users\/1"}],"replies":[{"embeddable":true,"href":"https:\/\/gbpkozy.oriniok.pl\/index.php\/wp-json\/wp\/v2\/comments?post=1942"}],"version-history":[{"count":5,"href":"https:\/\/gbpkozy.oriniok.pl\/index.php\/wp-json\/wp\/v2\/pages\/1942\/revisions"}],"predecessor-version":[{"id":2089,"href":"https:\/\/gbpkozy.oriniok.pl\/index.php\/wp-json\/wp\/v2\/pages\/1942\/revisions\/2089"}],"wp:attachment":[{"href":"https:\/\/gbpkozy.oriniok.pl\/index.php\/wp-json\/wp\/v2\/media?parent=1942"}],"curies":[{"name":"wp","href":"https:\/\/api.w.org\/{rel}","templated":true}]}}